800)/(-14) - (-2)/7*(-3)/(-2)?
7, 2447
Suppose 23*j = 7219 + 2004. What are the prime factors of j?
401
Let b(r) = -13*r + 8. Let z(m) = m + 6. Let l be z(13). Let d = l - 27. What are the prime factors of b(d)?
2, 7
Suppose -3*z - 4*c + 96 = 26, c = -2*z + 40. What are the prime factors of ((-12)/(-3) - z/4)*-656?
2, 41
Let u be (30795/10)/(1/2) + 1. Suppose -13*v + 9*v + u = 0. Suppose v = 7*a + 182. List the prime factors of a.
2, 97
Let v(u) = -25*u**2 + 3*u - 2. Let p(k) = 12*k**2 - 2*k + 1. Let w(f) = -5*p(f) - 3*v(f). Let j be w(-1). What are the prime factors of ((-258)/j)/(1 + (-6)/5)?
2, 43
Let j(d) = d**3 + 67*d**2 - 8*d - 723. What are the prime factors of j(-65)?
3, 2749
Let m be (27/15)/(18/60). Let r(d) = -d**3 + 7*d**2 - 6*d + 12. Let z be r(m). What are the prime factors of (z/(-10))/((-33)/4840)?
2, 11
Let d(w) = w**2 + 15*w + 25. Let a be d(-14). Suppose a*s - 5005 = 4*s. List the prime factors of s.
5, 11, 13
Let f = -58 - -62. Suppose -2*q - f*q + 12 = 0. Suppose 2*i - q*r + 6*r - 190 = 0, 2*i - 4*r - 214 = 0. List the prime factors of i.
101
Let h = -83 + 87. Suppose 2*g - 5*i = 1242, -h*g - 4*i = -9*g + 3139. List the prime factors of g.
631
Suppose -9*l = -470 + 1163. Let b = l - -91. List the prime factors of b.
2, 7
Let b(d) = d**2 - 10 - 1 - 16*d + 14 - 7*d**2 + d**3. List the prime factors of b(11).
2, 3
Let s = 44 + -43. Suppose s = -u, u = -0*w + 3*w - 13. Suppose 94 = w*b + k - 58, 2*b - 2*k = 76. List the prime factors of b.
2, 19
Let x = 1253 + -736. Let p be 176/18 - (-2)/9. Suppose p*b - 593 = x. What are the prime factors of b?
3, 37
Let x(y) = 7*y**3 + 13*y**2 - 81*y + 111. What are the prime factors of x(14)?
3, 6911
What are the prime factors of 6*(-2)/(-8) + ((-74155878)/36)/(-79)?
2, 3, 41, 53
Let f be 36*1*(15/(-5))/3. Let o be (-6)/f + 0 + 34/12. Suppose -5*x + 5 = 0, 53 = o*a + x - 38. What are the prime factors of a?
2, 3, 5
Let j = -36647 + 73383. What are the prime factors of j?
2, 7, 41
Let y(x) be the first derivative of x**3/3 + 11*x**2/2 + 29*x - 2. List the prime factors of y(-19).
181
Let q = 2111 + 4143. What are the prime factors of q?
2, 53, 59
Let s(o) = -19*o - 3. Let z be s(1). Let n = 299 - z. Let d = n - 131. What are the prime factors of d?
2, 5, 19
Let k(m) = -m**3 - 16*m**2 - 29*m - 10. Let v be k(-14). Suppose 4*t - 610 - 974 = -4*z, -v*z = 0. What are the prime factors of t?
2, 3, 11
Suppose -39 = d - 34. Let y(m) = -2*m**2 + 2*m + 3. Let f(h) = -3*h**2 + 5*h + 6. Let b(v) = 3*f(v) - 7*y(v). What are the prime factors of b(d)?
3, 13
Let k = 43933 - 20881. List the prime factors of k.
2, 3, 17, 113
Suppose 25 = 5*o - 2*v, 1 = -3*o - 0*v - 2*v. Suppose -o*b - 602 = -n + 3*n, 3*b + 614 = -5*n. Let w = b + 306. List the prime factors of w.
2, 3
Let j(w) = 15*w - 105. Let c be j(7). Suppose -18*g + 100 + 188 = c. What are the prime factors of g?
2
Suppose 2446*q - 2430*q - 479200 = 320736. List the prime factors of q.
2, 29, 431
Let h(k) = -326*k - 19. Suppose -5*v - 20 = 5*t, -v + 2*v - 3*t = 0. What are the prime factors of h(v)?
7, 137
Let i = -7333 - -23848. List the prime factors of i.
3, 5, 367
Let x(c) = -5452*c**3 + 10*c + 11. List the prime factors of x(-1).
7, 19, 41
What are the prime factors of (-5342)/(-7)*(43 - 36)?
2, 2671
List the prime factors of 7816798/110 + ((-9)/5 - (20 - 21)).
3, 23687
Let t(d) = 18*d**3 + 137*d**2 - 952*d - 8. Let u be t(7). Let r be ((-3)/(-2) + -1)*-22. List the prime factors of (4/(-10))/(r/u).
2, 113
Let y = 25257 + -14120. What are the prime factors of y?
7, 37, 43
Let y = 8 + -8. List the prime factors of y - 2 - ((-708)/1)/2.
2, 11
Suppose l - 2*l = -5*j - 43, 5*l = -2*j + 188. Let n = -19 + l. Suppose 3*a + 42 = d, n - 7 = 4*a. What are the prime factors of d?
3, 17
Let f = 79974 + -48205. List the prime factors of f.
31769
Suppose 6*p = -7*p + 39. Suppose p*j - 20 = -j, -j - 475 = -c. Let n = c + -277. What are the prime factors of n?
7, 29
List the prime factors of ((-14)/4*32/24)/(2/(-20277)).
3, 7, 751
Let c(a) = -4305*a - 1958. What are the prime factors of c(-6)?
2, 373
Let o = -365 - -368. Suppose j - o*g - 365 = -3*j, -3*g - 460 = -5*j. What are the prime factors of j?
5, 19
What are the prime factors of (61587 - 4)*1 + 7 + -6 + -4?
2, 5, 3079
Let n(r) = 7*r**2 - 12*r + 36. Let j(b) = -b**3 - 9*b**2 - 8*b + 3. Let d be j(-8). What are the prime factors of n(d)?
3, 7
Suppose 131*i = 132*i + 2. List the prime factors of (-337)/((-3 - i) + 0).
337
Let k be (-189)/15 - (-9)/15. Let z be (543/k)/((-2)/8). Suppose z = 3*x + 4*s, -x - 3*s = x - 119. List the prime factors of x.
67
Let m = 4812 + -3333. List the prime factors of m.
3, 17, 29
Suppose 9 = -172*b + 163*b. List the prime factors of (b - 3) + (206/1)/1.
2, 101
Let o be 14/(-5)*(-5*4)/2. What are the prime factors of 2264/14 - (16/o)/(-2)?
2, 3
Suppose 17*v + 19474 = -6*v + 198138. What are the prime factors of v?
2, 971
Let v(o) = 4*o**2 + 14*o + 80. Let l be v(-7). Let f = l + 521. What are the prime factors of f?
3, 233
Suppose -115*y = -110*y - 25. Let m(l) = 4*l**3 - 6*l**2 + 12*l - 3. What are the prime factors of m(y)?
11, 37
Let l(x) = -14*x**2 + x + 10. Let j be l(3). Let z = j - -115. Suppose -z*y - 440 = -4*y. List the prime factors of y.
2, 5, 11
Let t(i) = 2*i**2 - 5*i + 4. Let c be (8/6)/(10/15). Let o be t(c). Suppose 0*j = -5*j - 5*l + 555, 4 = o*l. What are the prime factors of j?
109
Let z = 959 - 571. Let m = z - 864. What are the prime factors of (-30)/(-4)*m/(-35)?
2, 3, 17
Suppose -10828 + 792 = 458*x - 462*x. List the prime factors of x.
13, 193
Let s be (0 - (0 - -1))/(2/(-3170)). Let p = s + -947. List the prime factors of p.
2, 11, 29
Let x = 50 - 47. Suppose x*b + 4*w - 1810 = 1438, 3*b - 3230 = 5*w. What are the prime factors of b?
2, 3, 5
Let f = -12928 + 50235. List the prime factors of f.
37307
Let n(a) = 5*a**2 - 46*a - 16. Let b be n(10). Suppose -b*f = -27863 + 5951. List the prime factors of f.
11, 83
Let f = 41 + -32. Let l be 22/(-3)*(f - 3). Let o = 80 + l. List the prime factors of o.
2, 3
Let a(l) = 2*l**3 - 16*l**2 - 19*l - 18. Let q(r) = r**3 + r**2. Let w(i) = -a(i) + q(i). What are the prime factors of w(9)?
3, 31
Suppose 0 = u - 7*u + 234. Let y = u + -65. Let z = y + 156. What are the prime factors of z?
2, 5, 13
Let s be (-84)/22 + -1*4/22. Suppose y - 127 = -y - 5*r, 0 = 4*y - r - 199. Let d = y + s. What are the prime factors of d?
47
List the prime factors of ((-9)/54*2)/1 - 41817/(-9).
2, 23, 101
Suppose 0 = -5*r + v + 73093, 76*r - 74*r - 29248 = -5*v. What are the prime factors of r?
3, 11, 443
Suppose -2*z - 82384 = -4*w, 2*w - 3070*z + 3065*z = 41168. List the prime factors of w.
20599
Let o(f) = 149*f + 5692. What are the prime factors of o(27)?
5, 29, 67
List the prime factors of ((-7488)/24)/(-12) + 48580.
2, 3, 8101
Let v(h) = h**3 - 13*h**2 + 11*h + 11. Let q be v(12). Let x be q*4*(2 - (-15)/(-6)). Suppose -x*i = -3*i + 144. List the prime factors of i.
2, 3
Suppose 105 - 115 = -5*i. Suppose -i*h + 165 = -1045. List the prime factors of h.
5, 11
Let p(g) = -7*g**2 + 16*g - 7. Let y(x) = -x - 2. Let j(a) = -p(a) - 5*y(a). What are the prime factors of j(9)?
5, 97
Let j(g) = g**2 + 9*g + 13. Let r be j(-8). Suppose 2*i + 3*i - 12 = 3*b, 5 = r*b. Suppose c = -i*l - c + 221, 4*c + 55 = l. List the prime factors of l.
71
List the prime factors of ((-120)/100)/(9/(-239685)).
2, 19, 29
Suppose 0 = 13*f - 31*f + 162. Suppose 11*y + 20 = f*y. What are the prime factors of (-6585)/(-75) + 1/y*-2?
2, 11
Suppose 102*f = 28*f - 9*f + 566060. What are the prime factors of f?
2, 5, 11, 31
Suppose 4*h + 2*a - 5*a + 208 = 0, 2*h + 90 = 5*a. Let t = h - -54. What are the prime factors of (t - -47)*((-3)/(-2) + -1)?
23
What are the prime factors of 134505/125 + 2/(-50)?
2, 269
Let m(f) = 28 + 10*f - 3*f + 2 + 15*f. Suppose -6*i + 56 = 14. List the prime factors of m(i).
2, 23
Let t(j) = j**2 - 9*j + 10. Let w be t(8). Let n(x) = -8*x**w + 11 - 7*x - 1 + 0 - 9*x**3 + 8*x**3. List the prime factors of n(-8).
2, 3, 11
Suppose 6*h - 137 = 157. Let n = h - 37. Let b = n + 16. What are the prime factors of b?
2, 7
Let w(i) = -i**2 - 2*i + 1. Let j be w(10). Let o be (-4 - j) + 3/1. Suppose b + 9 - o = -2*z, 354 = 3*b - 3*z. List the pr